 i(11). Let w = a - -1101. Is w a multiple of 57?
True
Suppose -3*x - y + 19 = 0, 28 = 4*x + y + 3*y. Let o(g) = g - 5 - 5 - 9 - x*g. Is 5 a factor of o(-6)?
False
Let f be (-1)/(-2)*27 + (-16)/32. Suppose 7*d = f*d - 2202. Is d a multiple of 27?
False
Suppose 11*k - 15*k = -5600. Suppose -7*x - k = -14*x. Does 20 divide x?
True
Let v(c) = -c - 2. Let b be v(-12). Does 13 divide (-57)/(-190) - (-2077)/b?
True
Let g = -75 - -85. Let b be 5/(-2)*(-16)/g. Does 23 divide ((-3016)/(-32) - 2) + (-1)/b?
True
Let w = -8576 + 27820. Is 34 a factor of w?
True
Suppose 4*j = 4*g - 17 - 83, 0 = 5*g + j - 143. Suppose 0 = 4*s - 202 - 262. Suppose g + s = 4*l. Is 4 a factor of l?
True
Let t(u) = -18*u + 2342. Does 7 divide t(54)?
False
Let o(p) = 470*p + 236. Does 23 divide o(4)?
True
Let o(x) = 2*x**2 + 38 + 3*x + 0*x**3 - 3*x**3 - 32 - x**2. Let b be o(-2). Suppose 0 = -4*s + 2*s + b. Is 14 a factor of s?
True
Let d = 704 + -578. Suppose 1722 - d = 4*h. Is h a multiple of 57?
True
Let m = 162 + -27. Let j = m - 95. Is 4 a factor of j?
True
Suppose -5*b - 15 = -2*b, -3*b = 4*s - 5. Let g be s + (-17)/3 - 16/(-6). Suppose 4*x = p + 49, -g*p + 37 + 9 = 4*x. Is x a multiple of 4?
True
Let y = 1312 - -947. Is 19 a factor of y?
False
Suppose -7612 = -2*s - 3*u - 1597, 5*s = -u + 15005. Does 8 divide s?
True
Let h be 168/78 - (-6)/(-39). Suppose -292 = -2*d - h*d. Let m = d + -33. Does 8 divide m?
True
Let l(q) = 56*q - 23. Let m = 77 - 74. Does 4 divide l(m)?
False
Let d(m) = m - 12. Let z be d(20). Suppose -2*g - z = -12. Suppose 147 = 5*l - g*l. Is 25 a factor of l?
False
Suppose 9*p - 2868 = 6*p. Let u = 509 - p. Let l = -303 - u. Does 36 divide l?
True
Let w = 5099 + -2181. Suppose -w + 803 = 5*p. Let g = -150 - p. Is 39 a factor of g?
True
Let g(z) = z**2 - 10*z + 43. Let o be g(22). Suppose 0 = -4*c - 3*i - o, i - 227 = 4*c - c. Let s = c + 146. Does 14 divide s?
True
Let y be (-3 + 4)*-6*-163. Let z = y - 530. Does 14 divide z?
True
Let h(k) = 88*k**2 + 126*k + 1049. Does 254 divide h(-12)?
False
Let s(u) = 15*u**3 + 2*u**2 - 2*u - 4. Let f be s(-2). Is 27 a factor of 1/8 - 28322/f?
False
Is 15/(-450)*10 - (-1 - (-67198)/(-3)) a multiple of 64?
True
Let g(d) = 5729*d - 15499. Is g(11) a multiple of 96?
True
Let m(v) = v**3 + 75*v**2 + 48*v + 14. Is m(-74) a multiple of 38?
True
Let g be ((14 + -4)*3)/(2/44). Suppose -654*f + g = -650*f. Is f a multiple of 17?
False
Let c(v) = 5*v**2 - 47*v + 146. Is c(-23) a multiple of 65?
False
Does 142 divide (4613/21)/(3/9) + 5 + 0?
False
Suppose -5*t = -25, 3*x + 924*t - 929*t - 86399 = 0. Does 26 divide x?
True
Let p(v) be the second derivative of v**5/20 - 5*v**4/12 + v**3/6 + 5*v**2 + 10*v - 2. Is 12 a factor of p(7)?
False
Suppose 3*s + 9 = -4*q + q, 2*s = 3*q - 16. Suppose l + 5 = 3*k, -q*k = 5*l - 6*l - 2. Suppose l*h - 295 = 89. Is 12 a factor of h?
True
Let d(h) = 3*h**2 - 80*h + 55. Let r be d(26). Suppose -w - 100 = 4*b - 401, r*b - 4*w = 202. Is b a multiple of 19?
False
Suppose 4*q - 284 = -k + 2*q, 0 = 4*q + 20. Suppose 236 = 5*j - k. Suppose 0 = d + 22 - j. Is 14 a factor of d?
True
Let s = -17474 + 33431. Does 27 divide s?
True
Let p = -187 + 14. Let o = 66 + -329. Let r = p - o. Is 9 a factor of r?
True
Let s be (24/(-42))/((-4)/14) + 2468. Suppose -4*p + s = -3*g, -2*p = -2*g - 174 - 1060. Is 12 a factor of p?
False
Suppose -1173 - 270 = -s. Suppose 0 = -5*v - 3*w + s, -2*v = -3*w + 282 - 855. Is 46 a factor of v?
False
Let w = -19583 - -26546. Does 5 divide w?
False
Suppose -139*x + 168385 = -294763. Is x a multiple of 8?
False
Let u be (-8)/(-60)*5*3. Suppose 0*m + 12 = 4*m + 3*w, 2*w + 20 = u*m. Let a(s) = 4*s**2 - 9*s - 7. Does 15 divide a(m)?
False
Suppose -z - 4*c + 150 = 0, -4*z + 3*c = -683 + 178. Let k = z - 75. Is 11 a factor of 1221/k - (1 + 8/(-10))?
True
Is 13 a factor of (48/(-64))/(6041/(-1208) - -5)?
False
Let t = 2073 + -2153. Let v(h) = -h**3 + 8*h**2 + h - 1. Let a be v(8). Is 8 a factor of 2 - (t - (a - 4))?
False
Let l be -25 + 28 - 93*-1. Suppose 3*m = y + 301, -4*y = m - 0*m - l. Is 17 a factor of m?
False
Let f be (2 - (9 - 3)*2)/(-2). Suppose 3*p + 2*h - 64 = 0, 5*p + h = f*h + 92. Does 4 divide p?
True
Let x(n) = -n**3 - n**2 - n. Let t(c) = 11*c**3 + 6*c**2 + 4*c - 4. Suppose -5*z + 21 = -s, -3*s - 3*z + 10 = 1. Let u(r) = s*x(r) - t(r). Does 8 divide u(-2)?
False
Let x = 140 + -136. Suppose 2*k - 34 = -x*i + i, 4*i = -5*k + 50. Suppose -120 = 8*o - i*o. Does 4 divide o?
True
Let o be 5 + 48/5 - 4/(-10). Suppose -o = 4*b - 31. Suppose 0*h = 4*f - 2*h - 166, h - 157 = -b*f. Does 4 divide f?
True
Suppose 0 = -4*g + t + 10944, 121*g - 10928 = 117*g + 5*t. Does 23 divide g?
True
Let j(t) = 11*t + 86. Let d be j(-7). Suppose 72 = -d*f + 13*f. Is f a multiple of 18?
True
Let k(d) = -d**2 - 24*d - 41. Let h be k(-22). Suppose h*j = -2*y - j + 418, 2*j + 418 = 2*y. Is 11 a factor of y?
True
Let k(b) = -4*b**3 + 5*b**2 - 7*b + 4. Let f be k(-5). Suppose f = 11*x - 722. Is 6 a factor of x?
True
Suppose 0 = -3*y - 2*m - 354, 0 = -6*m + m. Let x be y/(-12) - (-1 + (-5)/(-6)). Suppose w - 50 = -x. Does 8 divide w?
True
Suppose 0 = -38*w + 593 + 1117. Is 15 a factor of w?
True
Let m = -441 - -445. Suppose 4*d = -3*r + 413, -518 = -4*r + m*d + 70. Is 58 a factor of r?
False
Let f be ((-6 - -2) + 14)/4*-2. Let v be 1*-4 + (9 + f)/1. Suppose v = -13*l + l + 2040. Is 10 a factor of l?
True
Let o(s) = 7*s + 18*s - 103 + 34. Let a be (-15)/(-35) - (230/(-7))/5. Does 47 divide o(a)?
False
Let u = 62658 - 33330. Is u a multiple of 12?
True
Let x = 9700 + -9412. Does 16 divide x?
True
Does 2 divide (-1)/3 + 6*(-353840)/(-360)?
False
Is 12 a factor of ((-228)/95)/(((-114)/10080)/19)?
True
Suppose -8*u - 233 = 1335. Let b = u - -208. Does 3 divide b?
True
Suppose 0 = -2*t - 5*c + 369, -4*t = -c - 4*c - 723. Suppose 3*u - t = 4*x - 3*x, 0 = -4*x - 20. Is 59 a factor of u?
True
Let g = -1535 - -6925. Is g a multiple of 98?
True
Let i be (-5 + 1 + 1)*85. Suppose 4*c - 7*c = -5*f + 1210, -f = -2*c - 816. Let w = i - c. Is w a multiple of 12?
False
Let f = -7767 - -10518. Does 18 divide f?
False
Let v = 47 + -47. Suppose v = -3*p - p - 144. Let a = 15 - p. Is a a multiple of 14?
False
Let w(n) = n**2 + 54*n - 2. Let q be w(9). Suppose 4*z - q = -z. Is z a multiple of 13?
False
Let f = -8401 - -23969. Is 4 a factor of f?
True
Suppose 0 + 139 = -4*s - 3*x, -149 = 4*s + 5*x. Let z = s + 36. Suppose 112 = -z*r + 562. Is 30 a factor of r?
True
Let a(o) = 282*o**2 - 141*o. Is 33 a factor of a(-3)?
False
Suppose -27 = 3*t - 3*s, 3*t - 4*s - s + 25 = 0. Let x be 916/t + 8/(-20). Let i = 140 + x. Is 6 a factor of i?
True
Let p(d) be the first derivative of 9*d**2/2 + 25*d + 61. Is 6 a factor of p(4)?
False
Suppose 131 = -2*f + 571. Suppose -6 = 3*s - 342. Let b = f - s. Is 27 a factor of b?
True
Let b(h) = 8*h**2 - 35*h - 91. Is 122 a factor of b(27)?
False
Let t be -7 - -12 - (1 + (2 - -2)). Suppose -1 - 4 = b, -q - 2*b + 1020 = t. Is q a multiple of 94?
False
Let u = 42 - 43. Is 3 a factor of (-102)/136*(u - 23)?
True
Let w(g) = -g**3 + 26*g**2 - 43*g + 22. Is w(8) a multiple of 22?
False
Let s = 4794 - 2778. Is 42 a factor of s?
True
Suppose -24*l + 1215 = -21*l. Suppose -2*x = -5*s - 865, -x - s + l = 2*s. Is 7 a factor of x?
True
Let o be (-8 - (-448)/(-3))*18/(-4). Suppose -2*b - 3*v + 1788 = -o, 6233 = 5*b + 4*v. Is b a multiple of 45?
False
Suppose 4*k - 1178 = -3*x, 0 = -4*x - 5*k - 133 + 1704. Suppose -5*c - 579 - 591 = 0. Let y = x + c. Is 24 a factor of y?
False
Let n(f) = -7*f**2 - 2*f + 3. Let y be n(1). Let g be (y + 3)*(-70)/15. Is 26 a factor of 18/42 + 36/g + 41?
False
Does 5 divide 17/(136/2882)*(5 - 1)?
False
Let v(b) = -b**2 + 5*b + 52. Let h be v(13). Let k = -120 + 176. Does 16 divide h/6*7/(k/(-132))?
False
Let d(q) = -23*q - 14. Let g be d(-5). Suppose 6*b - g = 715. Suppose y = -3*i + b, 44 - 310 = -2*y - 3*i. Is 13 a factor of y?
True
Let u = -29955 - -38136. Is u a multiple of 101?
True
Let u(f) = -3*f**2 + 10*f + 1. Let y be u(4). Let d(m) = -2*m + m**2 - 7 - 1 + 3*m. Is d(y) a multiple of 11?
False
Let v = -45947 - -83779. Is v a multiple of 76?
False
Let l = -3 + 5. Suppose 2*c + 186 = -l*n - n, 4*c = -4*n - 252. Let x = n + 190. Is 26 a factor of x?
True
Let f(s) = -s**3 - 11